q(l) = 2404*l - 22. Let z be q(-5). List the prime factors of z/(-90) + 1/5.
2, 67
Let r = 485 + -135. Suppose 3*z + 449 = 4*q, 0 = -3*q - z - 23 + r. List the prime factors of (-10 + 7)/((-6)/q).
5, 11
Suppose 510 = -4*g + 138. Let d = -50 - g. Let w = -19 + d. List the prime factors of w.
2, 3
Let i(c) = 9*c**2 - 4*c + 7. Let v(t) = 3*t - 61. Let b be v(19). What are the prime factors of i(b)?
167
Suppose -117 - 362 = -d + 2*y, 2*d + y = 963. What are the prime factors of d?
13, 37
Let m(w) be the third derivative of 11/6*w**3 + 0*w - 1/120*w**6 + 0*w**4 + w**2 + 1/10*w**5 + 0. List the prime factors of m(6).
11
Let o be (-1 + 0)/(-6 + 5). Suppose -j = -o + 6. List the prime factors of (-5)/(j/14) - 2.
2, 3
Suppose 0 = 2*r + 1 - 7. Suppose -120 = -o - o. List the prime factors of (o - -3)/r - 0.
3, 7
Suppose -12*x - 2820 = -18*x. What are the prime factors of x?
2, 5, 47
Let t be (-6)/15 + 32416/40. Suppose t = -18*n + 23*n. List the prime factors of n.
2, 3
Suppose -2*f - 3 = 5. Let z = f + 51. What are the prime factors of z?
47
Let m = -24 + 27. Suppose 5*d = 2*a + 100, 0*d + m*d + a - 60 = 0. List the prime factors of d.
2, 5
Suppose 0 = -0*o + o + 3*u + 2, 0 = -2*o + 4*u - 4. What are the prime factors of o/((-4)/173) - 2/(-4)?
3, 29
Let h be 12 + -14 - -5*1. Suppose 68 + 61 = h*f. List the prime factors of f.
43
Suppose -3*b - 365 = 4*i - 4646, -2854 = -2*b + 3*i. What are the prime factors of b?
1427
Let g be (-2)/(-6) + 4/(-24)*-28. Suppose 0*s = g*s - 3*m - 992, m = 1. List the prime factors of s.
199
Suppose -5*b = 5*i - 2350, 0 = -b - 4*i - 221 + 697. List the prime factors of b.
2, 3, 13
Suppose -5*i - 1210 = 2*u - 3854, -4*i = -5*u + 6676. List the prime factors of u.
2, 3, 37
What are the prime factors of (-102*3/(-18))/((-3)/(-339))?
17, 113
Let q(z) = -z**3 + 10*z**2 + 8*z. Suppose 0 = -7*y + 9*y - 18. What are the prime factors of q(y)?
3, 17
Suppose 620 = d + 3*l, l - 1578 + 328 = -2*d. What are the prime factors of d?
2, 313
Let l(f) = -f**3 + 4*f**2 + f - 4. Let v be l(3). Suppose m - v = -m. Suppose 2*u - 9 = 5*k, u - m*u + 2*k = -30. What are the prime factors of u?
2, 3
Let s = 1384 + -797. Suppose -s = -5*m + 3*u, 0*u = 5*m - u - 589. List the prime factors of m.
2, 59
Let t(i) = 2*i**2 - 5*i - 198. List the prime factors of t(25).
3, 103
Let w(z) = 8*z**3 - 17*z**2 - 10*z + 67. What are the prime factors of w(7)?
2, 3, 53
Let f be (2/3)/(14/105). Suppose 3*r + 73 = -4*p, 38 = -5*r - f*p - 77. Let k = r + 68. List the prime factors of k.
7
Let s be (-1185)/(-10)*(-1 + (-21)/(-9)). Let g = -110 + s. List the prime factors of g.
2, 3
Let c = 57 - -407. List the prime factors of c.
2, 29
Let b(t) be the second derivative of t**4/12 - 5*t**3/6 - t**2/2 + 2*t. Let z be b(6). What are the prime factors of (-120)/z*6/(-4)?
2, 3
Suppose -2*n = 5*z - 35, -5*n + 32 = z + 2. Suppose -75 + 530 = z*g. List the prime factors of g.
7, 13
Let l = -738 - -1163. List the prime factors of l.
5, 17
Suppose 5*p - 17 + 2 = 0. Suppose -106 - 264 = -p*d - 5*c, 0 = 5*d + 2*c - 623. What are the prime factors of d?
5
Suppose 0 = 2*h - 26 - 8. Suppose -18*a = -h*a - 77. List the prime factors of a.
7, 11
Let n = 0 + 1. Let x be 129*(n - 12/9). Let v = -1 - x. List the prime factors of v.
2, 3, 7
What are the prime factors of (((-562)/8)/(-1))/(1/4)?
281
Let n(l) = -2*l**2 - 8*l - 10. Let i be n(-5). Let k = i - -23. Suppose 2*y = -k*g + 174 - 32, 0 = -5*g + 5*y + 245. List the prime factors of g.
2, 3
Suppose 0 = 11*p + 4025 - 1088. Let k = 388 + p. What are the prime factors of k?
11
Suppose 3*c = -5*u + 72, -9 + 89 = 5*c - 5*u. Let v = -15 + c. Suppose -8*s + 7 = -d - 3*s, v*d - 26 = 2*s. List the prime factors of d.
2
Let k be -2 - -1 - (-2114)/14. Let o = -90 + k. List the prime factors of o.
2, 3, 5
Let l(c) be the first derivative of c**2/2 + 10*c + 3. Let v be l(-8). Suppose -v*z + 29 + 5 = 0. List the prime factors of z.
17
Let r(n) = -109*n**3 - 3*n**2 - 21*n - 9. List the prime factors of r(-3).
2, 3, 5, 11
Suppose -3*g = 58 + 1196. Let t = -156 - g. List the prime factors of t.
2, 131
Let i(c) = 3*c - 4. Suppose -m + 6 = -1. What are the prime factors of i(m)?
17
Let f(v) = 7*v**2 - 3*v**3 + 1 - 3*v + 4*v**3 - 3. Suppose 4*l + 1342 = 1314. List the prime factors of f(l).
19
What are the prime factors of 0/(6/(-3)) + 6 + 703?
709
Let z = -283 + 878. What are the prime factors of z?
5, 7, 17
Let b(j) = -j + 1. Let y be b(-1). Suppose 0 = -y*x + 225 - 75. List the prime factors of x.
3, 5
Let o be 484/10 + ((-60)/(-25))/(-6). List the prime factors of o*((-4)/12 - -4).
2, 11
Let a = 1038 - -289. List the prime factors of a.
1327
Let n(h) = h + 9 + 2 + 14 + h**2 - 5. Let w be 2/2 - (-2)/(-2). What are the prime factors of n(w)?
2, 5
Let h(c) = c**3 + 13*c**2 + 24*c + 22. Let f be h(-11). Suppose -4*a + 0*a - 235 = -w, 4*a + 8 = f. What are the prime factors of w?
227
Let k = 1109 + -2. List the prime factors of k.
3, 41
Let y(v) = v**3 + 8*v**2 + 8*v + 14. Let b = 23 + -29. List the prime factors of y(b).
2, 19
Let m(b) = -5*b + 4*b**2 - 3*b**2 - 2*b + 5*b. Let z be m(-3). Suppose -3*n + 17 = -u, -2*n + 4*n + 3*u - z = 0. What are the prime factors of n?
2, 3
Let q(z) = -33*z + 1. Let v(r) = 2*r - 18. Let p be v(12). Suppose -p*h - 4*y = -3*h - 1, -5 = -5*y. List the prime factors of q(h).
2, 17
Suppose 2*v = v - n + 5, 0 = -3*v + 3*n + 9. Let f(i) = -i**2 + 6*i. Let p be f(6). Suppose -v*q = -p*q - 88. List the prime factors of q.
2, 11
Let u(t) = 1567*t - 171. List the prime factors of u(2).
2963
Let s be (2 - (2 + 0))/(-1). Suppose 0 = -s*v - 5*v + 380. List the prime factors of v.
2, 19
Let r(u) = u**2 - 19*u - 118. List the prime factors of r(37).
2, 137
Suppose 2*a - 4*k - 1104 = -k, 3*a - 4*k = 1657. What are the prime factors of a?
3, 5, 37
Let o = 26 - -125. Let z = o - 65. What are the prime factors of z?
2, 43
Let h = 97 - 82. List the prime factors of -3*h/(-9) + 177.
2, 7, 13
Let w(a) = -a**2 + 16*a - 26. Let n be w(8). Let s = -35 + n. What are the prime factors of s?
3
Suppose -6*y = -182 + 578. Let z = 20 + y. List the prime factors of z/(4/8*-4).
23
Suppose -5*m = -v - 540 - 284, -664 = -4*m + 2*v. Let t = -88 + m. What are the prime factors of t?
2, 19
Suppose -m - m + 4 = 0. Let c be ((-36)/(-14))/(m/(-14)). Let h = 62 + c. What are the prime factors of h?
2, 11
Let q(o) = o**3 + 15. Let z be q(0). Let a(t) = z*t + t**3 - 4 - 13*t**2 - 3*t + 4*t. List the prime factors of a(12).
2, 11
Let b = -16 + 49. Let c = -46 + 69. Suppose 4*j - b = c. What are the prime factors of j?
2, 7
Let n = -1601 - -3235. What are the prime factors of n?
2, 19, 43
Let h(k) = -14*k**3 - 3*k**2 - 8*k - 18. Let z(i) = 7*i**3 + i**2 + 4*i + 9. Let s(c) = 6*h(c) + 13*z(c). List the prime factors of s(3).
3, 5, 11
Let j(k) = 6*k**2 + 291*k + 84. What are the prime factors of j(-57)?
3, 997
Let l(v) = -4*v + 327. What are the prime factors of l(-19)?
13, 31
Suppose 0 = 2*l + 2 - 0. Let y = l + 4. Suppose -6 = -6*p + 3*p, -22 = -2*j - y*p. List the prime factors of j.
2
Let u = 14 + -15. Let b be (21 - 6)/(u/(-7)). Suppose b = 2*p + 5*g, 0 = 4*g - 5*g - 3. List the prime factors of p.
2, 3, 5
List the prime factors of -4 + (-6 - -9) - -32*11.
3, 13
Let o = -17 + 17. Let a be 0 + -4 + o + 13. Suppose a*s - 96 = 5*s. List the prime factors of s.
2, 3
Suppose y + 13 = -11. Let z = -24 - y. Suppose 2*h + 0 + 2 = z, 0 = 4*s + 3*h - 233. List the prime factors of s.
59
Suppose -501 = -2*r + 5*d, 15*d - 1302 = -5*r + 11*d. List the prime factors of r.
2, 3, 43
Let r(n) = -n + 13. Let v be r(9). Suppose -v*i = -4 - 16. Suppose -w + 6*w = -o + 6, 4*o + i*w - 39 = 0. What are the prime factors of o?
11
Let q be (-3 + 2)*(0 + 3). Let f be (0 + -3)/(q/4). Suppose f*u + 45 = 153. List the prime factors of u.
3
Suppose -9*n = -8*n. Suppose n = -h - 0 + 2. Suppose 40 = k - h*d, 4*k - 4*d = 42 + 106. List the prime factors of k.
2, 17
Let y = -9 - -10. Let o be 6*(-3)/(-6) + y. Let l(s) = 4*s + 3. List the prime factors of l(o).
19
Suppose -9*i - 1300 = -13*i + 5*u, -i - u + 316 = 0. What are the prime factors of i?
2, 5
Suppose -193*y = -201*y + 19336. What are the prime factors of y?
2417
Let g be (-3)/(-12) + (-1353)/(-12). Let r = -63 + g. What are the pr